-9 - 232726?
-232734
In base 14, what is 383b3 - -1?
383b4
In base 12, what is -2a34 + 17?
-2a19
In base 12, what is -4770 + 19?
-4753
In base 8, what is 1 - 1525203?
-1525202
In base 7, what is -3011231 + -3?
-3011234
In base 2, what is -110011110 + -110101111?
-1101001101
In base 14, what is -1d70 - 41?
-1db1
In base 15, what is -1068 + 6b?
-eec
In base 4, what is -330221213 - 10?
-330221223
In base 13, what is -23392 - 8?
-2339a
In base 10, what is 251057 + -1?
251056
In base 15, what is 41 - -201?
242
In base 12, what is 164 - 38a?
-226
In base 5, what is 100 + -1123?
-1023
In base 10, what is 4437892 + 3?
4437895
In base 5, what is 4302 - 20?
4232
In base 15, what is 5 - 1a31?
-1a2b
In base 8, what is -3 - 127131?
-127134
In base 6, what is 4 + -2440555?
-2440551
In base 9, what is 1633 - -1506?
3240
In base 10, what is -4 - 30713?
-30717
In base 9, what is 22288241 - -3?
22288244
In base 11, what is 39878 + -1?
39877
In base 9, what is -486 + -2501?
-3087
In base 16, what is 13c + 6c0?
7fc
In base 7, what is 214262 - 1?
214261
In base 16, what is -c + 10c6?
10ba
In base 13, what is 67 - -2a4?
33b
In base 5, what is 333 - 24030?
-23142
In base 13, what is 327c + 80?
332c
In base 11, what is a - 1729a1?
-172992
In base 15, what is -4 + -9817?
-981b
In base 6, what is -215 - -303?
44
In base 14, what is -2a5 + b42?
87b
In base 6, what is 341 - 34015?
-33234
In base 10, what is 386 + 37?
423
In base 12, what is a8681 + b?
a8690
In base 7, what is -1324040 + -1?
-1324041
In base 7, what is -2 - 4525133?
-4525135
In base 6, what is -12431 + -40?
-12511
In base 16, what is -1fa + -b9?
-2b3
In base 5, what is 220 - 342000?
-341230
In base 3, what is -202 - 2021010000?
-2021010202
In base 11, what is -6a1 - -51a?
-182
In base 12, what is 14368 - -16?
14382
In base 5, what is -132 - 13342?
-14024
In base 9, what is -7826 + -568?
-8505
In base 16, what is 2ed + 10f2?
13df
In base 16, what is -bff - -25?
-bda
In base 12, what is 79 + 38b?
448
In base 5, what is 44 + 30212?
30311
In base 14, what is 102d9 + 9?
10304
In base 14, what is 29c1 + -3?
29bc
In base 9, what is 1 + 127388?
127400
In base 3, what is 2 - 102110212?
-102110210
In base 11, what is 1844a9 + -6?
1844a3
In base 3, what is 10020 + 212100?
222120
In base 13, what is -25 + a6c4?
a69c
In base 2, what is 10011 + -11101010011000?
-11101010000101
In base 6, what is 4440 + -1533?
2503
In base 16, what is 1ccfd + -3?
1ccfa
In base 2, what is 101 - -111101110111111?
111101111000100
In base 12, what is 1 + -6a1a?
-6a19
In base 6, what is 255 - 315105?
-314410
In base 10, what is -5208 - -10?
-5198
In base 8, what is 7 - -351105?
351114
In base 10, what is -3133 - -265?
-2868
In base 13, what is 19 - 154?
-138
In base 8, what is -103543 - 12?
-103555
In base 9, what is -265 + -4776?
-5152
In base 8, what is -74231 - -70?
-74141
In base 4, what is -2 - -111210013?
111210011
In base 4, what is -103220 + 310?
-102310
In base 2, what is 1000111 + -101000111?
-100000000
In base 4, what is -12 - -211301113?
211301101
In base 13, what is 5 - 4688?
-4683
In base 3, what is -202220222101 + 10?
-202220222021
In base 3, what is 2 - -122102011?
122102020
In base 14, what is -8b + -cb3?
-d60
In base 2, what is 100000001100101 + -11?
100000001100010
In base 9, what is 10104 - -16?
10121
In base 7, what is 1 + -20633164?
-20633163
In base 9, what is 74537 - -1?
74538
In base 3, what is 10112 + 222?
11111
In base 12, what is -754 - -65?
-6ab
In base 2, what is -1010 - -1101010011111100?
1101010011110010
In base 11, what is -9849 - 0?
-9849
In base 12, what is -2 + 113468?
113466
In base 9, what is 3 + 258117?
258121
In base 9, what is -54882 + 0?
-54882
In base 16, what is -34 + 562?
52e
In base 13, what is -4627 + 1?
-4626
In base 11, what is -11 + -23a75?
-23a86
In base 6, what is 23054 + -4?
23050
In base 3, what is 0 + -1222122111?
-1222122111
In base 7, what is 1335451 + 4?
1335455
In base 11, what is -5 - -30771?
30767
In base 7, what is 404421 + 13?
404434
In base 5, what is 14302 + -14?
14233
In base 15, what is -3 + 8625?
8622
In base 12, what is 2469a6 + 1?
2469a7
In base 16, what is -664 - -3?
-661
In base 12, what is 198b45 - -1?
198b46
In base 16, what is -2a + -4ca?
-4f4
In base 8, what is 236130 + -2?
236126
In base 4, what is 312031002 + 12?
312031020
In base 6, what is -10 - -14222?
14212
In base 9, what is 604054 - 0?
604054
In base 10, what is -7215 - -253?
-6962
In base 2, what is 110100110111 - 10001?
110100100110
In base 9, what is -57842 - -1?
-57841
In base 16, what is 11 - -31ab?
31bc
In base 14, what is -20d - -2a?
-1c3
In base 4, what is -103223 - 21003?
-130232
In base 6, what is 4015 + 2231?
10250
In base 10, what is 246 + 1017?
1263
In base 11, what is 143 + -15?
129
In base 9, what is -2657 + -55?
-2723
In base 5, what is -11430 + -2301?
-14231
In base 10, what is 9065 - -5?
9070
In base 4, what is -131030 - 201?
-131231
In base 6, what is -35113 - 1?
-35114
In base 14, what is -181 + 255?
b4
In base 8, what is -65 - 1101?
-1166
In base 6, what is -2520102 - 11?
-2520113
In base 5, what is 2122 - 14040?
-11413
In base 3, what is -1121002122 + -11?
-1121002210
In base 4, what is -3022 + -1020?
-10102
In base 13, what is -125 - 7?
-12c
In base 6, what is 4 + 140340?
140344
In base 11, what is 80 + 3237?
3307
In base 12, what is 52a - 5?
525
In base 2, what is -1000100101000 + -10010111?
-1000110111111
In base 7, what is -1362505 - 2?
-1362510
In base 11, what is 55 + -435?
-390
In base 16, what is 6 + -21439?
-21433
In base 3, what is -10212011 + 1?
-10212010
In base 3, what is -20 + -2010021110?
-2010021200
In base 16, what is 4 - -ec654?
ec658
In base 8, what is 476215 + -10?
476205
In base 5, what is -2 - -132314?
132312
In base 2, what is -101110 + -1001011111?
-1010001101
In base 3, what is 2122211111 - 2?
2122211102
In base 3, what is 220200111210 + -11?
220200111122
In base 10, what is 5 - 134694?
-134689
In base 5, what is -134 + 100421?
100232
In base 8, what is 0 + -322474?
-322474
In base 14, what is 14 - 22db?
-22c7
In base 16, what is 3be25 + 0?
3be25
In base 6, what is 2443111 - -2?
2443113
In base 2, what is 11 - -10100010100101?
10100010101000
In base 9, what is 1222677 + 0?
1222677
In base 10, what is -1 + 18745?
18744
In base 16, what is -10 + -24d2?
-24e2
In base 8, what is -2 + 45511?
45507
In base 5, what is -21 - 3044124?
-3044200
In base 4, what is 32301 + -110223?
-11322
In base 16, what is -bb11 + -7?
-bb18
In base 16, what is 321e - 6?
3218
In base 5, what is -1012 - 1241?
-2303
In base 6, what is -214 + 303434?
303220
In base 7, what is 465504 + 22?
465526
In base 2, what is 110 + 101111000100?
101111001010
In base 16, what is 1a4 + 1d7?
37b
In base 9, what is 22530 - 0?
22530
In base 7, what is -611 + 11250?
10336
In base 3, what is -1 - -210212001?
210212000
In base 4, what is 23010203 + 11?
23010220
In base 11, what is -354 - 333?
-687
In base 14, what is -b9814 + -3?
-b9817
In base 4, what is 12223111 - -3?
12223120
In base 13, what is 0 + 2c3a1?
2c3a1
In base 5, what is -300023 - 200?
-300223
In base 5, what is -14 - 103121?
-103140
In base 13, what is 465 + -220?
245
In base 4, what is 10302200 + 13?
10302213
In base 8, what is 3266 - -25?
3313
In base 2, what is 110000000001 + 110?
110000000111
In base 3, what is 11 - -221120002?
221120020
In base 3, what is -10 - -111120212022?
111120212012
In base 9, what is 375 + -55?
320
In base 14, what is -3 + 101a0?
1019b
In base 10, what is 10333 + -39?
10294
In base 4, what is -1020 + -32233?
-33313
In base 13, what is 14c5 + 1b?
1513
In base 7, what is 441141 + -5?
441133
In base 12, what is -20612a - 5?
-206133
In base 13, what is -5 + -519b?
-51a3
In base 6, what is 25 + -34423?
-34354
In base 11, what is 3308 + 9?
3316
In base 6, what is -24025 + 2333?
-21252
In base 12, what is -4 - 4257?
-425b
In base 10, what is 58361 - -2?
58363
In base 14, what is 1 - 39dac?
-39dab
In base 2, what is 1110110001010101100111 - 0?
1110110001010101100111
In base 11, what is 830 - -4?
834
In base 14, what is a7 - 2379?
-22b2
In base 5, what is 44 - 10224010?
-10223411
In base 13, what is -131 - -c9?
-35
In base 11, what is 214 + -3513?
-32aa
In base 5, what is 3020 - 132?
2333
In base 3, what is 110101 - 102111?
